-9). Let d(w) = w - 6. Give d(q).
1
Let y(i) = 2*i**2 - 297000*i - i**2 + 296999*i - 3. Determine y(4).
9
Let i(x) be the second derivative of 7/6*x**3 + 3/2*x**2 + 1/12*x**4 + 8*x + 0. Give i(-7).
3
Let i(q) = -q**3 + 2*q**2 + q + 1. Suppose 0 = 3*c + 4*s + 170, -3*c = -2*c + 2*s + 58. Let r = c + 57. Calculate i(r).
-5
Let b(g) = g - 3. Let z = -80 - -82. Suppose 0*q - z*q - 6 = 0. Determine b(q).
-6
Let c(z) be the first derivative of -z**3/6 - 3*z**2/2 + 10*z - 2. Let q(u) be the first derivative of c(u). Determine q(3).
-6
Suppose j = 4*h - 18, -17 = 3*h - 8*h + 4*j. Let d(l) = -l**2 + 4*l + 3. Determine d(h).
-2
Let g(p) = -98*p**2 - p**3 + 100*p**2 - p**3 - p. What is g(1)?
-1
Let j(x) = -3*x + 10. Suppose 0 = 30*m - 29*m - 7. Calculate j(m).
-11
Let t(b) = b**2 - 4*b + 4. Let m = -120 + 124. Let z be 8 - m/(20/25). Determine t(z).
1
Let d(c) be the second derivative of -c**4/6 + 7*c**3/3 - 7*c**2 - 15*c - 15. Give d(6).
-2
Let s(n) be the first derivative of n**3/3 + 5*n**2/2 - 23*n + 101. Give s(-8).
1
Let b(a) = 0*a + 90*a**2 + 10 - 272*a**2 + 91*a**2 + 90*a**2 - 7*a. Let k(w) = w**3 + 3*w**2 - w + 4. Let l be k(-4). Give b(l).
2
Let v be 2/(-7) - (-430)/35. Suppose 3 = -3*w - 0*g - 3*g, 2*w = -4*g - v. Let y(i) = -i + w*i + 4 - i**2 + 0*i + 2*i**2. Calculate y(-3).
4
Let q(k) = -11*k - 22. Let i(b) = -10. Let g(j) = -j + 20. Let t(l) = -6*g(l) - 13*i(l). Let d(r) = 5*q(r) + 11*t(r). Suppose 4*n + 0*n = -4. Determine d(n).
-11
Let u(m) = -m**2 - 6*m - 12. Suppose 1079*g = 1085*g + 36. Give u(g).
-12
Let x(i) = -5*i - 16 - 2*i + 10*i - 5*i - i. Give x(-11).
17
Let a(m) = 10*m**2 - 3*m. Let t(r) = r - 1. Let y(k) = -19*k**2 + 9*k - 2. Let s(j) = -2*t(j) + y(j). Let l(u) = 9*a(u) + 4*s(u). Give l(1).
15
Let s(t) be the third derivative of -t**7/840 + t**6/360 + t**5/30 + 19*t**4/12 - 10*t**2 - t. Let z(o) be the second derivative of s(o). Determine z(3).
-17
Let f be (180/35)/(((-9)/28)/(-3)). Let a be 64/f*(-15)/2. Let y(d) = d**2 + 8*d - 12. Give y(a).
8
Let i(o) be the third derivative of 11/6*o**3 + 2*o - 1/24*o**4 + 0 - 8*o**2. Let q(f) = f**2 + 2*f - 1. Let c be q(-4). What is i(c)?
4
Let m be ((-1)/(-2))/(-3 + (-826)/(-280)). Let p(k) = 6*k + 62. Determine p(m).
2
Let s(v) = 13*v**2 - 1. Let a(c) = 3*c**2 + 11*c - 2. Let f be a(-4). Suppose 4*k = o - 1 + f, -3*o - 4*k = 3. Determine s(o).
12
Let g(k) = 756*k**3 + 3*k - 5*k + 7*k**2 - 755*k**3 - 5. Give g(-7).
9
Let f(w) = -w**2 - w - 2. Let m(r) = r**3 + 9*r**2 + 8*r - 2. Let l(h) = -2*f(h) - m(h). What is l(-5)?
-14
Let r(d) = -d**3 - 16*d**2 - d - 22. Suppose -7*n - 2 = 110. Give r(n).
-6
Suppose 19 = 4*b - 9. Suppose 25 = b*i - 24. Let x(v) = -v**3 + 7*v**2 + 5. Calculate x(i).
5
Suppose 2*q = -2*a + 2, 5*a + q + 17 = 6. Let r = a - -7. Suppose -5*c + 2*k = 12, -5*c + r*k - 14 = -0*k. Let z(u) = 4*u + 2. Give z(c).
-6
Let q = -98 + 106. Let y(c) = 2*c - 14. Calculate y(q).
2
Suppose -4*j - 7*j + 220 = 0. Let w be 4/j - 93/15. Let i(x) = -5*x**2 - 8*x + 10. Let k(z) = -9*z**2 - 15*z + 19. Let s(y) = -7*i(y) + 4*k(y). What is s(w)?
-6
Let x(y) = 2*y**3 - 27*y**2 - 30*y + 33. Let p(h) = -h**3 + 13*h**2 + 14*h - 16. Let c(m) = -13*p(m) - 6*x(m). Let o be 132/20 - (-2)/5. Calculate c(o).
-4
Let a(r) be the third derivative of -3*r**4/4 - 67*r**2. Determine a(-1).
18
Let q(h) = -h + 4. Let v(c) = c**2 - 5*c - 16. Let z be v(11). Suppose -12*y = -2*y + z. Give q(y).
9
Let h be 2/6*(-12)/(-4). Let d = h - -1. Suppose 2*r = 5*r + d*z + 14, -z + 14 = -2*r. Let g(b) = -b**2 - 7*b. Give g(r).
6
Let q(u) = u**2 - 9*u + 13. Let a = -62 + 67. Give q(a).
-7
Let o(q) = -2 - 1 + q**2 + 1 + 19*q - 13*q. Let x = 8 + -6. Let h be (-10)/((x - 1) + 1). Determine o(h).
-7
Let a(c) be the first derivative of c**3/3 + c**2 - 5*c + 223. Let q = 10 + -14. Give a(q).
3
Suppose -22 = -o + 4*i, 4*o - 3*i = 44 + 5. Let c(f) = -12*f - 9 - f**2 - o*f + 13*f. What is c(-9)?
-9
Let r(j) = 2*j - 17. Let o(l) = l - 12. Let u(x) = 1. Let h(v) = -o(v) - 6*u(v). Suppose -3*y - 88 = 8*y. Let f(b) = y*h(b) - 3*r(b). What is f(-3)?
-3
Let y(m) = -14*m + 5. Let b be y(0). Let w(x) = -x**3 + 5*x**2 + 4*x - 9. Calculate w(b).
11
Let v(a) = a**2. Suppose -2*w + 7*b = 8*b, -6 = -2*w + 2*b. Let t(m) = m + 4*m**3 + 4 + 9*m**2 - 1 - 3*m**3. Let j(c) = w*t(c) - 3*v(c). Determine j(-6).
-3
Let h be (18/81)/(74/36 - 2). Let b(v) = -v - 1. Calculate b(h).
-5
Let b = -121 + 124. Let k(o) = -o**3 + 2*o**2 + 3*o + 4. Determine k(b).
4
Let x(v) = -785*v**2 - 799*v**2 + 14*v + 2*v**3 + 0*v + 1598*v**2 + 15. What is x(-6)?
3
Let d(q) = -q**2 + 6 + 49873*q - 49860*q - 27. What is d(11)?
1
Let u(s) = -5*s + 7. Suppose -169*c - 4 = -170*c. Determine u(c).
-13
Let v(r) be the first derivative of -r**4/4 + r**3/3 - r**2/2 + 308. Determine v(2).
-6
Let m be (-4)/6*(-57)/(-190)*-35. Let u(r) = r**3 - 8*r**2 + 3*r + 7. What is u(m)?
-21
Suppose -q - q = -5*n - 38, 0 = -n - 6. Let r(b) be the first derivative of b**2 - 9*b - 1. Let j(a) = 2*a - 8. Let f(t) = 7*j(t) - 6*r(t). Give f(q).
6
Let q(y) = 5 + 0*y + 9*y**2 - y**3 - 14*y + 6*y. Give q(8).
5
Let v(d) = -13*d - 10 - d**2 + 19 - 7 - 7 + 2*d. Give v(-7).
23
Suppose -m = 4*j + 3*m - 72, m = 4*j - 52. Suppose -6*h - 4 = j. Let i(z) = 3*z + 3. Give i(h).
-6
Let p(q) = 2*q**2 - 2*q - 1. Let h(c) be the third derivative of -c**5/20 + c**4/12 + c**3/6 - 4*c**2. Let n(b) = 6*h(b) + 7*p(b). What is n(-1)?
-3
Let j(f) be the third derivative of f**5/60 + f**4/24 - f**3/6 - 96*f**2. Let z = 31 + -15. Suppose 0 = -2*m + 3*b - z, -2*b = 3*b - 20. Determine j(m).
1
Let z(b) = -b**3 - 8*b**2 - 5*b + 9. Let v be z(-7). Suppose -2*p - 2 = -3*p. Let y(q) = 2*q**p - 3*q + 1 + 6 - 1 + 2*q**2 + q**3. What is y(v)?
-4
Let y(x) = -15 + 7531*x + 66 - x**2 - 7534*x. What is y(-9)?
-3
Let a(u) be the second derivative of u**3/2 + 7*u**2/2 - 236*u. Calculate a(-3).
-2
Let n(r) = -6*r - 4. Let h(j) = j + 3. Let q be h(-3). Suppose q = -6*z - 16 - 8. Calculate n(z).
20
Suppose 11 + 5 = 8*r. Let j(i) = i**2 - 2*i**3 + 4*i**3 + 7*i**r + 2*i - 3*i**2. What is j(-3)?
-15
Let v = -5 - -5. Let i(q) = -3*q**3 + 3*q**2 + q - 12. Let g(p) = 4*p**3 - 4*p**2 - p + 11. Let c(j) = -2*g(j) - 3*i(j). What is c(v)?
14
Let q(l) be the third derivative of l**4/4 - 35*l**3/6 + 62*l**2 - 2*l. Determine q(5).
-5
Suppose 0 = 4*y + y - 20, 3*n = -3*y + 33. Let s(v) = -51*v + 153. Let j(x) = -5*x + 15. Let r(p) = 21*j(p) - 2*s(p). Give r(n).
-12
Let q(z) be the first derivative of 2*z**3 + 5*z + 1/4*z**4 + 3 + 2*z**2. Calculate q(-5).
10
Let n = 481 - 489. Let x(o) = 4*o**2 - 2*o - 3. Let u(h) = -h**2 - h + 1. Let y(d) = -5*u(d) - x(d). Give y(n).
6
Let w(z) = -4*z**2 - 9*z + 6. Let k(n) = -7*n**2 - 18*n + 11. Let i(u) = 3*k(u) - 5*w(u). What is i(-7)?
17
Let v(u) = u**2 - 2. Let s(y) = y**3 - y**2 + 2*y - 4. Suppose 0 = -2*x - 0*x. Let r be s(x). What is v(r)?
14
Let l(j) = j**2 - 7*j - 5. Let d be ((-15)/(-10))/((-3)/(-70)). Let k = 42 - d. What is l(k)?
-5
Let v(c) = 7*c**2 - 29*c - 15. Let a(h) = 3*h**2 - 14*h - 7. Let k(o) = -9*a(o) + 4*v(o). What is k(-9)?
-6
Let f be (1*-5)/(4/4). Let w(j) be the third derivative of -5*j**2 - 1/2*j**3 + 0 - 1/24*j**4 + 0*j. Give w(f).
2
Let h = -33 + 46. Suppose 5*o + 4*i = -h, 2*o = -o - 4*i - 11. Let t(l) = 7*l**3 + l**2. Calculate t(o).
-6
Suppose -3*d - 4*j + j = -24, 44 = 5*d + 3*j. Let i(w) = 19*w**3 - 4*w + 9*w**2 - 29*w**3 + 14*w + 3 + 9*w**3. Calculate i(d).
3
Let h(m) = -m**3 - 5*m**2 - 3*m - 2. Let o = 76 + -106. Let p = -34 - o. Calculate h(p).
-6
Let q(m) = -2*m - 8. Let w be q(-4). Suppose 9*h - 5*h + 8 = w. Let k(n) = 2*n**3 - n**2 - 2*n - 2. Give k(h).
-18
Suppose -9*v + 0 + 54 = 0. Let b be (-8)/v - 2/3. Let n(s) = 3*s. Determine n(b).
-6
Let s(y) = -12*y - 226. Let u be s(-18). Let z(a) = -a**2 - 8*a + 13. Give z(u).
-7
Let u(j) = -2*j - 8 + 3 + 6*j + 1 + j**3 - 5*j**2. Let f = -25 - -28. Suppose -24 = -4*c + o + 3*o, 5*o + 22 = f*c. Give u(c).
-4
Suppose g - 8 = -g. Suppose g*l - 26 = -5*m + 18, -2*l + 4*m - 4 = 0. Let p(k) = -k + 7. Determine p(l).
1
Let d(o) be the first derivative of -o**4/4 + 8*o**3/3 - 2*o + 105. What is d(8)?
-2
Let k(i) = i**2 + 3*i + 1. Let m be k(-3). Let l(g) = 3 + m - 5 - g - 2*g. Suppose 3*s + 0*s = 3. Calculate l(s).
-4
Let m(o) = -o**2 - 5*o. Let l(